 common factor of 169 and 676.
169
What is the greatest common divisor of 378 and 6534?
54
Calculate the highest common factor of 4314 and 6.
6
Calculate the highest common divisor of 28 and 14.
14
What is the highest common divisor of 60 and 384?
12
Calculate the highest common divisor of 14148 and 24.
12
What is the highest common factor of 66 and 550?
22
Calculate the highest common factor of 4 and 324.
4
What is the highest common factor of 75 and 15?
15
What is the greatest common factor of 144 and 16?
16
What is the greatest common divisor of 2176 and 48?
16
Calculate the greatest common divisor of 140 and 6496.
28
What is the highest common divisor of 14320 and 60?
20
What is the highest common factor of 30 and 84?
6
Calculate the greatest common factor of 2142 and 1260.
126
Calculate the greatest common factor of 497 and 14.
7
Calculate the highest common divisor of 10356 and 12.
12
What is the greatest common divisor of 4437 and 1989?
153
What is the highest common divisor of 88 and 154?
22
Calculate the highest common divisor of 268 and 737.
67
Calculate the highest common divisor of 51 and 1921.
17
What is the greatest common factor of 16799 and 107?
107
Calculate the highest common divisor of 7035 and 70.
35
Calculate the highest common factor of 231 and 396.
33
Calculate the greatest common factor of 3796 and 130.
26
What is the greatest common factor of 1287 and 5863?
143
What is the greatest common factor of 33 and 3531?
33
What is the highest common divisor of 109 and 5341?
109
Calculate the greatest common divisor of 9928 and 34.
34
What is the greatest common divisor of 132 and 132792?
132
Calculate the greatest common divisor of 3132 and 1450.
58
Calculate the greatest common factor of 15979 and 29.
29
Calculate the greatest common divisor of 972 and 36.
36
Calculate the highest common divisor of 1526 and 112.
14
What is the highest common factor of 179 and 5?
1
Calculate the greatest common divisor of 1520 and 855.
95
What is the highest common divisor of 212 and 6042?
106
What is the highest common factor of 729 and 2?
1
What is the greatest common factor of 109 and 17?
1
What is the highest common factor of 10112 and 1027?
79
What is the highest common factor of 459 and 255?
51
What is the greatest common factor of 34 and 136?
34
What is the greatest common factor of 196 and 4?
4
Calculate the highest common factor of 704 and 1672.
88
What is the highest common factor of 3 and 96?
3
Calculate the highest common divisor of 126 and 2814.
42
What is the greatest common divisor of 224 and 64?
32
Calculate the highest common factor of 117 and 90.
9
Calculate the greatest common divisor of 594 and 13266.
198
Calculate the greatest common divisor of 63848 and 184.
184
Calculate the greatest common factor of 1060 and 1484.
212
What is the greatest common factor of 78 and 3874?
26
What is the greatest common divisor of 1304 and 16?
8
Calculate the greatest common divisor of 122 and 61.
61
Calculate the highest common divisor of 583 and 106.
53
Calculate the highest common factor of 208 and 13.
13
Calculate the highest common factor of 7 and 791.
7
Calculate the highest common divisor of 954 and 18.
18
Calculate the greatest common divisor of 264 and 66.
66
Calculate the greatest common factor of 161 and 184.
23
What is the greatest common factor of 68 and 1292?
68
What is the highest common divisor of 724 and 5611?
181
Calculate the greatest common divisor of 16938 and 18.
18
What is the greatest common factor of 55 and 209?
11
Calculate the highest common divisor of 3 and 729.
3
What is the greatest common divisor of 7192 and 116?
116
Calculate the greatest common divisor of 120 and 1860.
60
What is the greatest common factor of 270 and 15?
15
Calculate the highest common factor of 195 and 1495.
65
What is the greatest common factor of 833 and 49?
49
Calculate the greatest common factor of 11 and 3047.
11
What is the highest common factor of 210 and 182?
14
Calculate the greatest common divisor of 45522 and 281.
281
Calculate the greatest common divisor of 45 and 120.
15
What is the highest common factor of 6 and 2612?
2
What is the highest common factor of 20329 and 29?
29
What is the highest common divisor of 668 and 64?
4
Calculate the highest common divisor of 18312 and 24.
24
Calculate the highest common factor of 15 and 51.
3
What is the greatest common divisor of 38 and 2470?
38
Calculate the greatest common divisor of 38 and 608.
38
What is the greatest common divisor of 14 and 2198?
14
Calculate the highest common factor of 13806 and 52.
26
Calculate the highest common factor of 124 and 42160.
124
What is the highest common divisor of 3330 and 2035?
185
What is the highest common factor of 152 and 6517?
19
What is the highest common divisor of 754 and 87?
29
What is the highest common factor of 382 and 10?
2
Calculate the highest common factor of 40 and 71440.
40
Calculate the greatest common factor of 7806 and 12.
6
Calculate the greatest common factor of 57 and 2679.
57
Calculate the highest common divisor of 38 and 4.
2
What is the highest common divisor of 100 and 45?
5
Calculate the highest common divisor of 83 and 7.
1
Calculate the greatest common factor of 228 and 19.
19
Calculate the highest common divisor of 28 and 700.
28
What is the greatest common factor of 871 and 13?
13
What is the highest common divisor of 595 and 357?
119
Calculate the highest common divisor of 50 and 825.
25
What is the greatest common factor of 23 and 2231?
23
What is the highest common divisor of 4 and 87?
1
Calculate the highest common factor of 30 and 1845.
15
What is the greatest common divisor of 5226 and 268?
134
Calculate the greatest common divisor of 140 and 1080.
20
What is the greatest common factor of 5230 and 20?
10
What is the highest common divisor of 414 and 144?
18
What is the greatest common divisor of 182 and 26?
26
What is the highest common factor of 42 and 3444?
42
Calculate the greatest common factor of 384 and 1424.
16
Calculate the greatest common factor of 40 and 55.
5
What is the highest common factor of 2831 and 596?
149
Calculate the greatest common divisor of 564 and 96.
12
Calculate the greatest common divisor of 204 and 4.
4
What is the highest common divisor of 3526 and 82?
82
What is the highest common factor of 112 and 35?
7
What is the greatest common factor of 18 and 38?
2
Calculate the highest common divisor of 618 and 9.
3
What is the greatest common factor of 424 and 53?
53
What is the greatest common divisor of 261 and 1914?
87
What is the greatest common divisor of 37 and 160099?
37
Calculate the greatest common divisor of 8 and 1528.
8
What is the greatest common divisor of 144 and 72?
72
Calculate the highest common divisor of 24 and 318.
6
Calculate the highest common factor of 556 and 8.
4
Calculate the highest common factor of 585 and 130.
65
What is the greatest common factor of 450 and 60?
30
Calculate the greatest common divisor of 8574 and 6.
6
Calculate the highest common factor of 155 and 1.
1
Calculate the highest common factor of 6 and 25.
1
Calculate the greatest common factor of 4998 and 102.
102
Calculate the highest common divisor of 5 and 2155.
5
What is the greatest common factor of 8848 and 14?
14
Calculate the greatest common factor of 62 and 26.
2
What is the highest common factor of 1264 and 16?
16
What is the highest common factor of 6808 and 148?
148
Calculate the greatest common divisor of 817 and 1505.
43
What is the greatest common divisor of 4 and 31?
1
What is the greatest common divisor of 105 and 5145?
105
What is the greatest common divisor of 83 and 9?
1
What is the highest common divisor of 4040 and 440?
40
Calculate the highest common divisor of 6426 and 1904.
238
Calculate the highest common divisor of 57 and 1159.
19
Calculate the highest common divisor of 7154 and 441.
49
What is the greatest common factor of 89 and 16?
1
Calculate the greatest common divisor of 24 and 78.
6
Calculate the highest common divisor of 59 and 590.
59
Calculate the highest common divisor of 35 and 70.
35
What is the highest common divisor of 4196 and 4?
4
What is the greatest common factor of 91 and 26?
13
Calculate the highest common factor of 1 and 12.
1
What is the great